 by 8.
7
What is the remainder when 25387 is divided by 6308?
155
What is the remainder when 727228 is divided by 145298?
738
Calculate the remainder when 363950926 is divided by 4.
2
What is the remainder when 2895414 is divided by 4510?
4504
Calculate the remainder when 92150327 is divided by 142.
137
Calculate the remainder when 1069953 is divided by 29720.
33
What is the remainder when 36297164 is divided by 214?
196
Calculate the remainder when 2780763 is divided by 28.
27
What is the remainder when 1130215 is divided by 1040?
775
What is the remainder when 3215470 is divided by 536?
6
Calculate the remainder when 1027969 is divided by 93443.
96
What is the remainder when 4869146 is divided by 472?
466
Calculate the remainder when 49792 is divided by 337.
253
Calculate the remainder when 11361497 is divided by 3787010.
467
Calculate the remainder when 479364 is divided by 6854.
6438
Calculate the remainder when 3886575 is divided by 17507.
21
What is the remainder when 226837 is divided by 112987?
863
What is the remainder when 238513271 is divided by 428?
427
What is the remainder when 7259542 is divided by 2419706?
424
Calculate the remainder when 68631749 is divided by 2773.
2772
What is the remainder when 243436 is divided by 243415?
21
What is the remainder when 433206 is divided by 14413?
816
Calculate the remainder when 2349487 is divided by 111876.
91
What is the remainder when 752599 is divided by 66?
1
What is the remainder when 34141843 is divided by 1012?
1011
What is the remainder when 93308 is divided by 4558?
2148
What is the remainder when 880784 is divided by 28401?
353
Calculate the remainder when 3201994 is divided by 800471.
110
What is the remainder when 148863 is divided by 258?
255
What is the remainder when 41730 is divided by 418?
348
What is the remainder when 645276 is divided by 167?
155
Calculate the remainder when 1485948 is divided by 17.
12
Calculate the remainder when 7658134 is divided by 1330.
1324
Calculate the remainder when 60205500 is divided by 3541498.
34
Calculate the remainder when 42503555 is divided by 27.
20
Calculate the remainder when 65429 is divided by 7126.
1295
What is the remainder when 688320 is divided by 14340?
0
Calculate the remainder when 15520 is divided by 10617.
4903
Calculate the remainder when 955230 is divided by 29850.
30
Calculate the remainder when 18718652 is divided by 64.
60
What is the remainder when 8517444 is divided by 2511?
132
What is the remainder when 43072 is divided by 42507?
565
Calculate the remainder when 144072279 is divided by 484.
483
Calculate the remainder when 861599 is divided by 134.
113
What is the remainder when 357380 is divided by 841?
796
Calculate the remainder when 49528122 is divided by 724.
6
What is the remainder when 12729463 is divided by 72?
7
Calculate the remainder when 92749179 is divided by 166.
165
Calculate the remainder when 18949121 is divided by 109.
16
What is the remainder when 1182300 is divided by 1613?
1584
Calculate the remainder when 2295508 is divided by 2295505.
3
What is the remainder when 196996403 is divided by 2599?
0
Calculate the remainder when 429869930 is divided by 5611.
5609
Calculate the remainder when 1930727 is divided by 502.
35
What is the remainder when 42432900 is divided by 959?
27
Calculate the remainder when 873929 is divided by 16182.
101
What is the remainder when 257484 is divided by 23387?
227
What is the remainder when 14784 is divided by 2884?
364
What is the remainder when 46426 is divided by 46216?
210
What is the remainder when 1815973 is divided by 14764?
1
Calculate the remainder when 52827 is divided by 2486.
621
Calculate the remainder when 767178086 is divided by 70.
66
What is the remainder when 2986521 is divided by 1031?
745
Calculate the remainder when 236779 is divided by 722.
685
Calculate the remainder when 6931110 is divided by 3132.
3126
Calculate the remainder when 6083742 is divided by 1250.
1242
Calculate the remainder when 17754869 is divided by 7040.
7029
What is the remainder when 151583613 is divided by 871?
870
Calculate the remainder when 14907896 is divided by 1506.
2
What is the remainder when 2614470 is divided by 102?
6
What is the remainder when 1046561 is divided by 348730?
371
What is the remainder when 1264348 is divided by 5380?
48
What is the remainder when 7787 is divided by 2367?
686
Calculate the remainder when 177703189 is divided by 60.
49
Calculate the remainder when 24561 is divided by 1826.
823
Calculate the remainder when 68738734 is divided by 1622.
1618
Calculate the remainder when 43958352 is divided by 7326390.
12
What is the remainder when 148410 is divided by 820?
810
Calculate the remainder when 29008447 is divided by 33.
28
What is the remainder when 480482 is divided by 48048?
2
What is the remainder when 188787536 is divided by 2138?
2136
What is the remainder when 399781 is divided by 201?
193
What is the remainder when 2194087 is divided by 202?
165
What is the remainder when 5879490 is divided by 42?
36
What is the remainder when 1439003 is divided by 1232?
27
Calculate the remainder when 173977512 is divided by 185.
182
Calculate the remainder when 480199 is divided by 4106.
3903
What is the remainder when 29302611 is divided by 223?
188
Calculate the remainder when 5034947 is divided by 228861.
5
Calculate the remainder when 663393 is divided by 390.
3
Calculate the remainder when 9673985 is divided by 1777.
1774
Calculate the remainder when 426337 is divided by 32794.
15
What is the remainder when 32607 is divided by 125?
107
What is the remainder when 200350 is divided by 111?
106
Calculate the remainder when 1365525 is divided by 105039.
18
Calculate the remainder when 36338538 is divided by 35.
33
What is the remainder when 2184072 is divided by 198552?
0
Calculate the remainder when 543274 is divided by 45270.
34
Calculate the remainder when 347803101 is divided by 3443595.
6
Calculate the remainder when 15690897 is divided by 281.
138
Calculate the remainder when 7500 is divided by 7338.
162
What is the remainder when 13949 is divided by 3419?
273
What is the remainder when 423851 is divided by 6610?
811
Calculate the remainder when 834674160 is divided by 18.
12
Calculate the remainder when 267054554 is divided by 979.
976
What is the remainder when 3286807 is divided by 29880?
7
What is the remainder when 1472569 is divided by 210364?
21
What is the remainder when 65869 is divided by 4663?
587
Calculate the remainder when 763709 is divided by 142.
33
What is the remainder when 571830 is divided by 190560?
150
Calculate the remainder when 421767 is divided by 2018.
5
Calculate the remainder when 73270 is divided by 24410.
40
Calculate the remainder when 468787 is divided by 314.
299
Calculate the remainder when 186961 is divided by 546.
229
Calculate the remainder when 15805954 is divided by 194.
192
Calculate the remainder when 1033890204 is divided by 103.
100
Calculate the remainder when 3303950 is divided by 328.
6
What is the remainder when 201293 is divided by 33338?
1265
Calculate the remainder when 3543115 is divided by 1771544.
27
What is the remainder when 714144 is divided by 5853?
78
Calculate the remainder when 490714 is divided by 168.
154
Calculate the remainder when 490766 is divided by 259.
220
Calculate the remainder when 1621233 is divided by 1394.
11
Calculate the remainder when 1989044 is divided by 271.
175
Calculate the remainder when 626546 is divided by 207.
164
Calculate the remainder when 1375481 is divided by 1375414.
67
What is the remainder when 10716476 is divided by 14660?
16
What is the remainder when 106282 is divided by 26543?
110
Calculate the remainder when 317980 is divided by 528.
124
What is the remainder when 1141469 is divided by 190242?
17
What is the remainder when 126425478 is divided by 89?
88
Calculate the remainder when 59330248 is divided by 5.
3
What is the remainder when 41798 is divided by 5175?
398
Calculate the remainder when 25441167 is divided by 35.
17
What is the remainder when 989509947 is divided by 195?
192
What is the remainder when 2325938 is divided by 923?
901
Calculate the remainder when 4219976 is divided by 578.
576
What is the remainder when 2621600 is d